{"version":"1.0","provider_name":"K\u00fcpeli Teolog","provider_url":"http:\/\/kupeliteolog.com","author_name":"Kupeli Teolog","author_url":"http:\/\/kupeliteolog.com\/index.php\/author\/kupeli_teolog\/","title":"Martin Luther ve Martin Bucer\u2019in Teolojik Kar\u015f\u0131la\u015ft\u0131r\u0131lmas\u0131 - K\u00fcpeli Teolog","type":"rich","width":600,"height":338,"html":"<blockquote class=\"wp-embedded-content\" data-secret=\"XJEV8mRGFD\"><a href=\"http:\/\/kupeliteolog.com\/index.php\/2023\/04\/24\/luther-ve-bucer-karsilastirma\/\">Martin Luther ve Martin Bucer\u2019in Teolojik Kar\u015f\u0131la\u015ft\u0131r\u0131lmas\u0131<\/a><\/blockquote><iframe sandbox=\"allow-scripts\" security=\"restricted\" src=\"http:\/\/kupeliteolog.com\/index.php\/2023\/04\/24\/luther-ve-bucer-karsilastirma\/embed\/#?secret=XJEV8mRGFD\" width=\"600\" height=\"338\" title=\"&#8220;Martin Luther ve Martin Bucer\u2019in Teolojik Kar\u015f\u0131la\u015ft\u0131r\u0131lmas\u0131&#8221; &#8212; K\u00fcpeli Teolog\" data-secret=\"XJEV8mRGFD\" frameborder=\"0\" marginwidth=\"0\" marginheight=\"0\" scrolling=\"no\" class=\"wp-embedded-content\"><\/iframe><script type=\"text\/javascript\">\n\/* <![CDATA[ *\/\n\/*! This file is auto-generated *\/\n!function(d,l){\"use strict\";l.querySelector&&d.addEventListener&&\"undefined\"!=typeof URL&&(d.wp=d.wp||{},d.wp.receiveEmbedMessage||(d.wp.receiveEmbedMessage=function(e){var t=e.data;if((t||t.secret||t.message||t.value)&&!\/[^a-zA-Z0-9]\/.test(t.secret)){for(var s,r,n,a=l.querySelectorAll('iframe[data-secret=\"'+t.secret+'\"]'),o=l.querySelectorAll('blockquote[data-secret=\"'+t.secret+'\"]'),c=new RegExp(\"^https?:$\",\"i\"),i=0;i<o.length;i++)o[i].style.display=\"none\";for(i=0;i<a.length;i++)s=a[i],e.source===s.contentWindow&&(s.removeAttribute(\"style\"),\"height\"===t.message?(1e3<(r=parseInt(t.value,10))?r=1e3:~~r<200&&(r=200),s.height=r):\"link\"===t.message&&(r=new URL(s.getAttribute(\"src\")),n=new URL(t.value),c.test(n.protocol))&&n.host===r.host&&l.activeElement===s&&(d.top.location.href=t.value))}},d.addEventListener(\"message\",d.wp.receiveEmbedMessage,!1),l.addEventListener(\"DOMContentLoaded\",function(){for(var e,t,s=l.querySelectorAll(\"iframe.wp-embedded-content\"),r=0;r<s.length;r++)(t=(e=s[r]).getAttribute(\"data-secret\"))||(t=Math.random().toString(36).substring(2,12),e.src+=\"#?secret=\"+t,e.setAttribute(\"data-secret\",t)),e.contentWindow.postMessage({message:\"ready\",secret:t},\"*\")},!1)))}(window,document);\n\/\/# sourceURL=http:\/\/kupeliteolog.com\/wp-includes\/js\/wp-embed.min.js\n\/* ]]> *\/\n<\/script>\n","thumbnail_url":"https:\/\/kupeliteolog.com\/wp-content\/uploads\/2023\/04\/jonny-swales-fIDIgxZpdSM-unsplash-scaled.jpg","thumbnail_width":2560,"thumbnail_height":1707,"description":"Yazan: To\u011frul Salamzade Giri\u015f Protestan Reformasyonu, sadece Avrupa\u2019da de\u011fil ancak d\u00fcnya genelinde b\u00fcy\u00fck bir ses getirmi\u015ftir. Do\u011fu ve Bat\u0131 Roma\u2019n\u0131n ayr\u0131lmas\u0131, Konstantinopolis\u2019in 1453 y\u0131l\u0131nda Osmanl\u0131 taraf\u0131ndan al\u0131nmas\u0131 ve T\u00fcrklerin Avrupa\u2019ya do\u011fru emin bir \u015fekilde ilerlemeleri, Avrupa\u2019y\u0131 hem sosyal hem siyasi hem de dini a\u00e7\u0131dan sarsm\u0131\u015ft\u0131r. \u00d6te yandan 1517 y\u0131l\u0131nda Martin Luther\u2019in yazm\u0131\u015f ve yay\u0131nlam\u0131\u015f oldu\u011fu &hellip;"}

Küpeli Teolog

Martin Luther ve Martin Bucer’in Teolojik Karşılaştırılması - Küpeli Teolog

<blockquote class="wp-embedded-content" data-secret="XJEV8mRGFD"><a href="http://kupeliteolog.com/index.php/2023/04/24/luther-ve-bucer-karsilastirma/">Martin Luther ve Martin Bucer’in Teolojik Karşılaştırılması</a></blockquote><iframe sandbox="allow-scripts" security="restricted" src="http://kupeliteolog.com/index.php/2023/04/24/luther-ve-bucer-karsilastirma/embed/#?secret=XJEV8mRGFD" width="600" height="338" title="&#8220;Martin Luther ve Martin Bucer’in Teolojik Karşılaştırılması&#8221; &#8212; Küpeli Teolog" data-secret="XJEV8mRGFD" frameborder="0" marginwidth="0" marginheight="0" scrolling="no" class="wp-embedded-content"></iframe><script type="text/javascript">
/* <![CDATA[ */
/*! This file is auto-generated */
!function(d,l){"use strict";l.querySelector&&d.addEventListener&&"undefined"!=typeof URL&&(d.wp=d.wp||{},d.wp.receiveEmbedMessage||(d.wp.receiveEmbedMessage=function(e){var t=e.data;if((t||t.secret||t.message||t.value)&&!/[^a-zA-Z0-9]/.test(t.secret)){for(var s,r,n,a=l.querySelectorAll('iframe[data-secret="'+t.secret+'"]'),o=l.querySelectorAll('blockquote[data-secret="'+t.secret+'"]'),c=new RegExp("^https?:$","i"),i=0;i<o.length;i++)o[i].style.display="none";for(i=0;i<a.length;i++)s=a[i],e.source===s.contentWindow&&(s.removeAttribute("style"),"height"===t.message?(1e3<(r=parseInt(t.value,10))?r=1e3:~~r<200&&(r=200),s.height=r):"link"===t.message&&(r=new URL(s.getAttribute("src")),n=new URL(t.value),c.test(n.protocol))&&n.host===r.host&&l.activeElement===s&&(d.top.location.href=t.value))}},d.addEventListener("message",d.wp.receiveEmbedMessage,!1),l.addEventListener("DOMContentLoaded",function(){for(var e,t,s=l.querySelectorAll("iframe.wp-embedded-content"),r=0;r<s.length;r++)(t=(e=s[r]).getAttribute("data-secret"))||(t=Math.random().toString(36).substring(2,12),e.src+="#?secret="+t,e.setAttribute("data-secret",t)),e.contentWindow.postMessage({message:"ready",secret:t},"*")},!1)))}(window,document);
//# sourceURL=http://kupeliteolog.com/wp-includes/js/wp-embed.min.js
/* ]]> */
</script>

Yazan: Toğrul Salamzade Giriş Protestan Reformasyonu, sadece Avrupa’da değil ancak dünya genelinde büyük bir ses getirmiştir. Doğu ve Batı Roma’nın ayrılması, Konstantinopolis’in 1453 yılında Osmanlı tarafından alınması ve Türklerin Avrupa’ya doğru emin bir şekilde ilerlemeleri, Avrupa’yı hem sosyal hem siyasi hem de dini açıdan sarsmıştır. Öte yandan 1517 yılında Martin Luther’in yazmış ve yayınlamış olduğu &hellip;
